{"version":"1.0","provider_name":"Roland Baldi","provider_url":"https:\/\/rolandbaldi.com\/de\/","author_name":"@roland-baldi","author_url":"https:\/\/rolandbaldi.com\/de\/author\/roland-baldi\/","title":"Neue Architektur in S\u00fcdtirol 2018-2024 | Roland Baldi","type":"rich","width":600,"height":338,"html":"<blockquote class=\"wp-embedded-content\" data-secret=\"JtPEIaMPJ2\"><a href=\"https:\/\/rolandbaldi.com\/de\/neue-architektur-in-sudtirol-2018-2024\/\">Neue Architektur in S\u00fcdtirol 2018-2024<\/a><\/blockquote><iframe sandbox=\"allow-scripts\" security=\"restricted\" src=\"https:\/\/rolandbaldi.com\/de\/neue-architektur-in-sudtirol-2018-2024\/embed\/#?secret=JtPEIaMPJ2\" width=\"600\" height=\"338\" title=\"&#8222;Neue Architektur in S\u00fcdtirol 2018-2024&#8220; &#8211; Roland Baldi\" data-secret=\"JtPEIaMPJ2\" frameborder=\"0\" marginwidth=\"0\" marginheight=\"0\" scrolling=\"no\" class=\"wp-embedded-content\"><\/iframe><script type=\"text\/javascript\">\n\/*! This file is auto-generated *\/\n!function(c,d){\"use strict\";var e=!1,o=!1;if(d.querySelector)if(c.addEventListener)e=!0;if(c.wp=c.wp||{},c.wp.receiveEmbedMessage);else if(c.wp.receiveEmbedMessage=function(e){var t=e.data;if(!t);else if(!(t.secret||t.message||t.value));else if(\/[^a-zA-Z0-9]\/.test(t.secret));else{for(var r,s,a,i=d.querySelectorAll('iframe[data-secret=\"'+t.secret+'\"]'),n=d.querySelectorAll('blockquote[data-secret=\"'+t.secret+'\"]'),o=new RegExp(\"^https?:$\",\"i\"),l=0;l<n.length;l++)n[l].style.display=\"none\";for(l=0;l<i.length;l++)if(r=i[l],e.source!==r.contentWindow);else{if(r.removeAttribute(\"style\"),\"height\"===t.message){if(1e3<(s=parseInt(t.value,10)))s=1e3;else if(~~s<200)s=200;r.height=s}if(\"link\"===t.message)if(s=d.createElement(\"a\"),a=d.createElement(\"a\"),s.href=r.getAttribute(\"src\"),a.href=t.value,!o.test(a.protocol));else if(a.host===s.host)if(d.activeElement===r)c.top.location.href=t.value}}},e)c.addEventListener(\"message\",c.wp.receiveEmbedMessage,!1),d.addEventListener(\"DOMContentLoaded\",t,!1),c.addEventListener(\"load\",t,!1);function t(){if(o);else{o=!0;for(var e,t,r,s=-1!==navigator.appVersion.indexOf(\"MSIE 10\"),a=!!navigator.userAgent.match(\/Trident.*rv:11\\.\/),i=d.querySelectorAll(\"iframe.wp-embedded-content\"),n=0;n<i.length;n++){if(!(r=(t=i[n]).getAttribute(\"data-secret\")))r=Math.random().toString(36).substr(2,10),t.src+=\"#?secret=\"+r,t.setAttribute(\"data-secret\",r);if(s||a)(e=t.cloneNode(!0)).removeAttribute(\"security\"),t.parentNode.replaceChild(e,t);t.contentWindow.postMessage({message:\"ready\",secret:r},\"*\")}}}}(window,document);\n<\/script>\n","thumbnail_url":"https:\/\/rolandbaldi.com\/wp-content\/uploads\/2024\/11\/Architetture-recenti-in-Alto-Adige_FOTO_2.jpg","thumbnail_width":1098,"thumbnail_height":824,"description":"\u201cGibt es eine S\u00fcdtiroler Architektur? Und wenn ja, was zeichnet sie aus?\u201d Darum dreht sich alles bei der vierten Ausgabe der Ausstellung\u00a0\u201eNeue Architektur in S\u00fcdtirol\u201d\u00a0bei\u00a0Kunst Meran. Die ausgew\u00e4hlten Projekte erz\u00e4hlen vom baukulturellen Entwicklungsprozess in S\u00fcdtirol und von der j\u00fcngsten Architekturgeschichte der Region. Wir freuen uns sehr, mit unserem Zivilschutzzentrum Ritten Antworten darauf zu haben. Zu sehen bis Mitte Februar 2025 \u2013 nicht verpassen!"}

Neue Architektur in Südtirol 2018-2024 | Roland Baldi

<blockquote class="wp-embedded-content" data-secret="JtPEIaMPJ2"><a href="https://rolandbaldi.com/de/neue-architektur-in-sudtirol-2018-2024/">Neue Architektur in Südtirol 2018-2024</a></blockquote><iframe sandbox="allow-scripts" security="restricted" src="https://rolandbaldi.com/de/neue-architektur-in-sudtirol-2018-2024/embed/#?secret=JtPEIaMPJ2" width="600" height="338" title="&#8222;Neue Architektur in Südtirol 2018-2024&#8220; &#8211; Roland Baldi" data-secret="JtPEIaMPJ2" frameborder="0" marginwidth="0" marginheight="0" scrolling="no" class="wp-embedded-content"></iframe><script type="text/javascript">
/*! This file is auto-generated */
!function(c,d){"use strict";var e=!1,o=!1;if(d.querySelector)if(c.addEventListener)e=!0;if(c.wp=c.wp||{},c.wp.receiveEmbedMessage);else if(c.wp.receiveEmbedMessage=function(e){var t=e.data;if(!t);else if(!(t.secret||t.message||t.value));else if(/[^a-zA-Z0-9]/.test(t.secret));else{for(var r,s,a,i=d.querySelectorAll('iframe[data-secret="'+t.secret+'"]'),n=d.querySelectorAll('blockquote[data-secret="'+t.secret+'"]'),o=new RegExp("^https?:$","i"),l=0;l<n.length;l++)n[l].style.display="none";for(l=0;l<i.length;l++)if(r=i[l],e.source!==r.contentWindow);else{if(r.removeAttribute("style"),"height"===t.message){if(1e3<(s=parseInt(t.value,10)))s=1e3;else if(~~s<200)s=200;r.height=s}if("link"===t.message)if(s=d.createElement("a"),a=d.createElement("a"),s.href=r.getAttribute("src"),a.href=t.value,!o.test(a.protocol));else if(a.host===s.host)if(d.activeElement===r)c.top.location.href=t.value}}},e)c.addEventListener("message",c.wp.receiveEmbedMessage,!1),d.addEventListener("DOMContentLoaded",t,!1),c.addEventListener("load",t,!1);function t(){if(o);else{o=!0;for(var e,t,r,s=-1!==navigator.appVersion.indexOf("MSIE 10"),a=!!navigator.userAgent.match(/Trident.*rv:11\./),i=d.querySelectorAll("iframe.wp-embedded-content"),n=0;n<i.length;n++){if(!(r=(t=i[n]).getAttribute("data-secret")))r=Math.random().toString(36).substr(2,10),t.src+="#?secret="+r,t.setAttribute("data-secret",r);if(s||a)(e=t.cloneNode(!0)).removeAttribute("security"),t.parentNode.replaceChild(e,t);t.contentWindow.postMessage({message:"ready",secret:r},"*")}}}}(window,document);
</script>

“Gibt es eine Südtiroler Architektur? Und wenn ja, was zeichnet sie aus?” Darum dreht sich alles bei der vierten Ausgabe der Ausstellung „Neue Architektur in Südtirol” bei Kunst Meran. Die ausgewählten Projekte erzählen vom baukulturellen Entwicklungsprozess in Südtirol und von der jüngsten Architekturgeschichte der Region. Wir freuen uns sehr, mit unserem Zivilschutzzentrum Ritten Antworten darauf zu haben. Zu sehen bis Mitte Februar 2025 – nicht verpassen!
